b.
2, 3
Let r(n) = 2*n**3 + 7*n**2 - 2*n - 20. Let l be r(-8). Let w = l + 1423. List the prime factors of w.
3, 281
Let y = -757 - -1652. Suppose 724 + 165 = 3*l - q, -2*q = 3*l - y. What are the prime factors of l?
3, 11
Let w = 18608 - 1928. What are the prime factors of w?
2, 3, 5, 139
Let g = -17 - -11. Suppose -4*r - 3*b + 63 = 0, r - 6 = -b + 10. List the prime factors of r/g*(-11 - -1).
5
Suppose -4*d = 5*p - 17 + 3, 2*p + 3*d = 7. Suppose 2 = -5*y + 2*s, -2*y + p = y + 2*s. Suppose y = -2*r + 4*r - 458. What are the prime factors of r?
229
Let j(t) = 14*t**3 - 66*t**2 + 20*t + 54. List the prime factors of j(11).
2, 43, 127
Let s(p) be the third derivative of 4*p**4/3 + 16*p**3/3 - 26*p**2 - 1. What are the prime factors of s(11)?
2, 3
Suppose -275892 = 3*u - 15*u. What are the prime factors of u?
83, 277
Let b = 93773 + -57968. What are the prime factors of b?
3, 5, 7, 11, 31
Let g(a) = 95*a - 30. Let k be g(12). Let x = -776 + k. List the prime factors of x.
2, 167
Suppose -4*k - 6244 = -2*m, 2*m - 4*k = -7*k + 6230. List the prime factors of m.
2, 1559
What are the prime factors of 19210/6 + (-33)/((-891)/36)?
3203
Let y(g) = -5*g**2 + 2*g. Let j = 105 + -103. Let t be y(j). List the prime factors of t/48 + (-262)/(-3).
3, 29
Suppose 0 = -6*n + 54. Suppose n*x - 1256 = 1255. List the prime factors of x.
3, 31
Let o(g) = -g**3 - 6*g**2 + 21*g - 55. What are the prime factors of o(-12)?
557
Let m(j) = 7*j**2 - 9*j + 56. Let q be m(4). Let s = q - 48. What are the prime factors of s?
2, 3, 7
Let i(t) = t**3 + 5*t**2 + 3*t + 3. Let a be (-69)/9 + (-6)/18. Let z(y) = -y**3 - 8*y**2 + 3*y + 20. Let g be z(a). What are the prime factors of i(g)?
7
Let q be -3*1 + (-3 - -8). Suppose -d = 5*v - 8, 2*v + 3*v + 5*d = 0. Suppose v*m = -q*x + 286, 3*m + 131 = x + m. What are the prime factors of x?
139
Suppose -880647 = -35*p + 88818. What are the prime factors of p?
3, 7, 1319
Let j = 84398 - 11141. What are the prime factors of j?
3, 24419
Let j = -6 - -16. Suppose 3*v + j = 4, 2 = 4*a - 3*v. List the prime factors of 71 - a*(-15)/(-5).
2, 37
Let d(b) = b + 17. Let z be d(-8). Let i(a) = -a**3 + 9*a**2 - a + 7. Let h be i(z). What are the prime factors of 200 + ((-8)/h - 0)?
2, 3, 17
Suppose 4891*y + 220224 = 4895*y. What are the prime factors of y?
2, 3, 31, 37
Let o(i) = -2*i**2 - 21*i + 39. Let t be o(-12). Suppose 2*z - 2*v - 817 = -t*v, -2044 = -5*z - 4*v. List the prime factors of z.
2, 3, 17
What are the prime factors of 200/(-175) - 26994/(-14)?
41, 47
Let v be (-2 - 91)/((-16)/16). Suppose -4*p - v = -2*b - 29, 0 = b - 3*p - 27. Let m = 48 + b. List the prime factors of m.
2, 3, 5
Let k(y) = -y**2 + 22*y + 26. Let r be k(23). Suppose -f - 8 = -5*c, r*f = 4*f - c - 8. Suppose d - 3*j = 22 + 4, -3*j + f = 0. List the prime factors of d.
2, 19
Let i = 305 + -205. Let b = i + -85. List the prime factors of -8 + 4 + b + -2.
3
Suppose -g + 2 = 0, -7*r - 4*g + 58 = -2*r. What are the prime factors of ((-3648)/r)/(-6) + 4/(-5)?
2, 3, 5
Let p(w) = 102*w + 464. List the prime factors of p(67).
2, 41, 89
Let u be (0 - -10)/2*546/(-65). Let d = u + 39. List the prime factors of (4/16)/(d/(-588)).
7
Let h(q) = 290*q - 95. Let o(c) = c**3 + 23*c**2 + 24*c + 47. Let f be o(-22). What are the prime factors of h(f)?
5, 31
Suppose 10039 = 5*j + 11154. Let q(p) = p**2 - 10*p - 1. Let w be q(10). Let z = w - j. What are the prime factors of z?
2, 3, 37
Suppose -5*w - 5*s - 10 = -0*s, -3*w = s - 4. Suppose 3*p - 1774 = -5*g, -5*g + 4*g + w*p + 344 = 0. Let h = -167 + g. What are the prime factors of h?
2, 3, 31
Suppose 131632 = 12*x + 33184. What are the prime factors of x?
2, 7, 293
Let v be -2*(2 + 35/(-10)). Let r be -3 + (v - 2) - 2. What are the prime factors of r*12/(-16) + 36?
3, 13
Let o = -17195 + 29271. List the prime factors of o.
2, 3019
What are the prime factors of ((-2 + -8)/30)/((-4)/96588)?
3, 2683
Let l(v) = 14992*v**2 - 51*v - 96. What are the prime factors of l(-2)?
2, 157, 191
Suppose 71 = j - m, -j - 2*j + 209 = -m. What are the prime factors of (-30)/345 - (-38715)/j?
3, 11, 17
Let f = -14 + 27. Suppose -3*n = -22 + f. Suppose -n*i - 72 = -345. List the prime factors of i.
7, 13
Let j be (0 - (-6)/8) + (-63)/4. Let n be (2 - 17)/(j/10). Let m(r) = 6*r + 18. What are the prime factors of m(n)?
2, 3, 13
List the prime factors of 32/4 - (-3332217)/63 - (-2)/3.
52901
Suppose -4*c - 1 = -u, 3*u + 13 = c + 5. Let z(n) be the second derivative of -19*n**3 + n**2 + 151*n. List the prime factors of z(c).
2, 29
Suppose 81073 = t + y, 66*y - 60*y - 324284 = -4*t. What are the prime factors of t?
81077
Let q(f) = 9*f**2 - 10*f + 5. Let o be (-34)/(-85) + (-26)/(-10). List the prime factors of q(o).
2, 7
Let w(j) = 30*j**2 + 380*j + 390. What are the prime factors of w(-61)?
2, 5, 2221
Let l(k) = -345*k**3 + 17*k**2 - 32*k + 26. Let p(o) = 86*o**3 - 4*o**2 + 8*o - 7. Let q(g) = 2*l(g) + 9*p(g). What are the prime factors of q(2)?
3, 223
Let g be (-2)/(5/5)*188. Suppose -1589 = 18*w + 2893. Let i = w - g. List the prime factors of i.
127
Let a = 25 + -34. Let q be (-12)/54 - (-79)/a. Let r = 28 + q. List the prime factors of r.
19
Let j(m) be the first derivative of 5*m**4/12 - 2*m**3/3 + 2*m**2 - 18*m - 15. Let z(g) be the first derivative of j(g). List the prime factors of z(5).
109
Suppose 101*p - 3081 = 88*p. Suppose 9632 = 253*r - p*r. What are the prime factors of r?
2, 7, 43
Let j(c) = -c**3 - 10*c**2 - 12*c. Let x be j(-9). Let a = 32 - x. Suppose 0 = 2*l + 3*z - 71 - 0, -2*z = -a*l + 206. List the prime factors of l.
2, 5
Let v = 94 + -89. List the prime factors of (1*2/v)/(6/3300).
2, 5, 11
Let s = 248 + -246. Suppose -w + 4170 = 3*n, -11*n - s*w = -10*n - 1395. List the prime factors of n.
3, 463
Let h(u) = -686*u - 990. What are the prime factors of h(-49)?
2, 2039
List the prime factors of ((-168492)/(-9) + (-1)/3)*560/140.
2, 97, 193
Suppose 0 = 42*c + 8*c - 97150. List the prime factors of c.
29, 67
Suppose -t + 138 = -4*q, -3*t + 4*q + q + 386 = 0. Let o = 150 - t. List the prime factors of o.
2, 7
Suppose 9087 = -117*d + 120*d. Suppose 0 = 24*w - 37*w + d. List the prime factors of w.
233
Let c(d) = 13*d**2 + 25*d - 210. Let s(x) = -3*x - 87. Let f be s(-32). What are the prime factors of c(f)?
2, 3, 89
What are the prime factors of ((-22483)/9 + 5)*-9?
2, 13, 863
Suppose -b - 42 = o, 0 = 16*b - 14*b + o + 82. Let u = 185 + b. List the prime factors of u.
5, 29
Let y = -1607 - -2395. Suppose 24*s = -y + 11756. List the prime factors of s.
457
Let x(n) = -n**3 - 175*n**2 - n + 41545. What are the prime factors of x(0)?
5, 7, 1187
Let j(r) = -12*r**2 + 49*r**2 - 12 - 18*r**2 + 5*r. What are the prime factors of j(2)?
2, 37
Let h be (-5 - -1 - 0) + 18. Suppose h = 3*g - 70. Let w = 21 + g. What are the prime factors of w?
7
Suppose 17*b - 76 = 15*b. Let q = b - 32. Suppose -q*i = -397 - 935. What are the prime factors of i?
2, 3, 37
Suppose 12*c = 9*c - 1680. List the prime factors of 2/((8/c)/(15/(-12))).
5, 7
Let u = -159 + 148. What are the prime factors of 12/14*(7 + u - -46)?
2, 3
Let u(t) = -8 + 1 + 2*t - t + 2. Let v be u(12). Let l(d) = 27*d - 2. What are the prime factors of l(v)?
11, 17
Suppose -k = -7, -42097 = 3*j + 2*k - 140544. What are the prime factors of j?
3, 10937
Let a(l) = 8*l - 38. Let q be a(5). Suppose -q*r - u + 50 = 3*u, -3*u = 2*r - 53. What are the prime factors of r?
31
Suppose 194204 = -18*w + 654860. List the prime factors of w.
2, 7, 457
Let p = 19 - 15. Suppose -3*h - 2*z + 648 = 0, -h + p*z + 844 = 3*h. Suppose 50*g - 48*g - h = 0. What are the prime factors of g?
107
Let f = 90 - 80. List the prime factors of (87/(-5))/((-3)/f).
2, 29
Let i = -146 - -149. Suppose i*w + 1855 = 4*u, 4*u - 4*w - 999 = 861. What are the prime factors of u?
2, 5, 23
Suppose -27*m - p = -29*m + 47226, -m + 5*p = -23622. What are the prime factors of m?
2, 5903
Suppose -4*l = 4*m - 1436, -5*l + 1737 = -m - 58. Let p = l - -230. Suppose -5*n - 101 + p = 3*v, v = -5*n + 496. List the prime factors of n.
2, 5
Let f = -6066 - -2955. Let x = -1757 - f. What are the prime factors of x?
2, 677
Suppose 0 = 4*m + 3*t + 6655 - 21670, 5*m = -3*t + 18765. List the prime factors of m.
2, 3, 5
Suppose 52542 = 4*b - 2*a, 0 = -5*b 